 3, what is 20010 - -11101122120210?
11101122210220
In base 9, what is 3 - -6605875?
6605878
In base 2, what is 1011 - 10111101110110011111100100?
-10111101110110011111011001
In base 2, what is -1001001000 - 111101000010?
-1000110001010
In base 4, what is -133 - -31201001?
31200202
In base 11, what is 5 + -18054298a?
-180542985
In base 14, what is 24da + a4c?
3148
In base 9, what is 3 - 4234185?
-4234182
In base 5, what is -4201132 + 10121?
-4141011
In base 3, what is -120020222220 - -1211?
-120020221002
In base 11, what is -134 + 9420a?
94086
In base 7, what is 42 - 2031404?
-2031332
In base 6, what is -3 - 10134252330?
-10134252333
In base 5, what is 1100421424 + 421?
1100422400
In base 7, what is -5 - -24424560?
24424552
In base 10, what is -890 + -22398?
-23288
In base 2, what is 110101 - -11101010101101000111?
11101010101101111100
In base 5, what is 211 - -23023334?
23024100
In base 3, what is -1000002 + -211100000?
-212100002
In base 14, what is 4 - -1cb003?
1cb007
In base 2, what is -100 - 1100000011101001110100?
-1100000011101001111000
In base 13, what is -190 - 18632?
-187c2
In base 13, what is 7977b5 - -25?
79780a
In base 8, what is -5734402 - -15?
-5734365
In base 14, what is -646 + -c6cc?
-cd34
In base 4, what is 11021000 + -2120?
11012220
In base 15, what is 19267d + c8?
192756
In base 14, what is 1d - -2a9986?
2a99a5
In base 9, what is -335 + -18351?
-18686
In base 3, what is -2 - -1011211211120?
1011211211111
In base 8, what is 211400 + 4?
211404
In base 2, what is -10 + 1110010101110101000110?
1110010101110101000100
In base 5, what is 24431 + -2300201?
-2220220
In base 9, what is 3 + -7716523?
-7716520
In base 2, what is 111011 - -100100011101100010?
100100011110011101
In base 13, what is -6 - -11996b9?
11996b3
In base 15, what is -180cc - -a07?
-175c5
In base 10, what is 36819605 + 3?
36819608
In base 9, what is -665254 + 40?
-665214
In base 4, what is -12131 + -12223023211?
-12223102002
In base 7, what is 362420360 + 4?
362420364
In base 2, what is -11 - -1001011011001000010110000?
1001011011001000010101101
In base 11, what is -1a802653a - -2?
-1a8026538
In base 12, what is 91a49 - 1936?
90113
In base 7, what is 1266454551 + -5?
1266454543
In base 11, what is -14937a2 + 4?
-1493799
In base 7, what is -131 - 240536?
-241000
In base 6, what is -142252 + 22122?
-120130
In base 5, what is 100411 - -14202411?
14303322
In base 8, what is -34 + 6016665?
6016631
In base 2, what is -11101000000000110111101 - 10110?
-11101000000000111010011
In base 8, what is -12 - -511350?
511336
In base 13, what is 1495c + -1a7?
14785
In base 14, what is 87da944 - -5?
87da949
In base 11, what is -17 + 223557?
223540
In base 3, what is 2102 + -12101201200?
-12101122021
In base 8, what is -2760 + -24325?
-27305
In base 6, what is -2 + -100511234?
-100511240
In base 11, what is 200 + -2277a23?
-2277823
In base 6, what is -5 + -1355142123?
-1355142132
In base 12, what is 4493aa + 2?
4493b0
In base 4, what is -123 - -3003121?
3002332
In base 4, what is -111033 + 232203?
121110
In base 14, what is c5b161d - 5?
c5b1618
In base 6, what is -5 + -2205440553?
-2205441002
In base 14, what is 2140713 - -6?
2140719
In base 16, what is -1e + 24b174?
24b156
In base 8, what is 2030 + -1537310?
-1535260
In base 7, what is -521352 - 2240?
-523622
In base 8, what is -201 - -2601772?
2601571
In base 14, what is b + -32aacb4?
-32aaca7
In base 14, what is 197c03 + -2?
197c01
In base 16, what is -1a0ee6c + 1?
-1a0ee6b
In base 13, what is -b06706 - -9?
-b066ca
In base 9, what is -3 + 4121415?
4121412
In base 13, what is -40c + -1505a1?
-1509b0
In base 3, what is -2210 + -120002100022?
-120002110002
In base 2, what is 1101110111100000011100 - -10?
1101110111100000011110
In base 16, what is 4 + -3d8ae8?
-3d8ae4
In base 14, what is 21 + -861ca3?
-861c82
In base 15, what is -14eb90 + -12?
-14eba2
In base 15, what is -20bc1c + -4?
-20bc21
In base 16, what is 2f1b + 15833?
1874e
In base 5, what is 12333032 + 313?
12333400
In base 7, what is -15055 + -102126?
-120214
In base 12, what is 2a + -5776542?
-5776514
In base 13, what is 4 - -38cb296?
38cb29a
In base 15, what is 8a + -1c74a8?
-1c741d
In base 3, what is -102101000200112221 + 1?
-102101000200112220
In base 15, what is -907e - -184?
-8dea
In base 13, what is -2331 - -586?
-1a78
In base 12, what is -2bb - -75775a?
75745b
In base 16, what is -552 + -3509d?
-355ef
In base 10, what is -53 + 71949?
71896
In base 8, what is 2562371 - 447?
2561722
In base 9, what is 1135 + 866225?
867361
In base 11, what is 5a0356447 + -2?
5a0356445
In base 14, what is 6 + -12b8a0?
-12b898
In base 13, what is -259845 - -5?
-259840
In base 11, what is 1a + -8590405?
-8590396
In base 11, what is 19329a02 - -8?
19329a0a
In base 12, what is 10 + 2251b32?
2251b42
In base 3, what is 102021111001 - -2210?
102021120211
In base 5, what is -132234103 - -4330?
-132224223
In base 13, what is 2099222 + -58?
2099197
In base 9, what is 1321200078 - 5?
1321200073
In base 15, what is 745 - -400c3?
40818
In base 13, what is -1 - 853a799?
-853a79a
In base 13, what is 1c5258 + -b8?
1c5170
In base 3, what is 122011002122222 + -2?
122011002122220
In base 5, what is 413030232231 - -4?
413030232240
In base 6, what is -1433355224 + -1?
-1433355225
In base 6, what is 55240 + 222101?
321341
In base 12, what is -3312a9 - 7?
-3312b4
In base 4, what is 33 - -331021021223?
331021021322
In base 4, what is -101002 + 2121212202?
2121111200
In base 8, what is -24350 - 2511?
-27061
In base 5, what is -131400102 + -1?
-131400103
In base 14, what is 1 + 15c598c?
15c598d
In base 3, what is -21010210120 + -1000020?
-21011210210
In base 4, what is -2 - -2311130331002?
2311130331000
In base 12, what is 35340135 + -6?
3534012b
In base 15, what is -1b9 - -1d918?
1d74e
In base 10, what is -332339 + 136?
-332203
In base 11, what is -11 + 33a603?
33a5a2
In base 3, what is 122211101021211 - -11?
122211101021222
In base 10, what is 98 - -11079?
11177
In base 7, what is 246511615 + 1?
246511616
In base 3, what is 110 - 101211000022211?
-101211000022101
In base 4, what is 10 - -3002130010300?
3002130010310
In base 15, what is 13 + 71548b?
71549e
In base 16, what is 4d5 + -f638a?
-f5eb5
In base 4, what is -10 - 20123313323?
-20123313333
In base 12, what is 5 - abb9a8?
-abb9a3
In base 14, what is 5 + -21c155c2?
-21c155bb
In base 4, what is 112210 + 232330231?
233103101
In base 7, what is 45534456 + -5?
45534451
In base 14, what is 12 - -361b4d2?
361b504
In base 9, what is -233 + -6644148?
-6644382
In base 16, what is c19b + -355?
be46
In base 15, what is -4d357cb - 0?
-4d357cb
In base 5, what is 434324 + 113234?
1103113
In base 7, what is -260231265 + -4?
-260231302
In base 4, what is 2220210213 + 0?
2220210213
In base 13, what is c394 + -19a?
c1c7
In base 9, what is 2 + -5863858?
-5863856
In base 4, what is -100032 - 13130023?
-13230121
In base 14, what is -b + -67bcd?
-67bda
In base 15, what is 34 - -1c5e62?
1c5e96
In base 7, what is -5 - -651323?
651315
In base 14, what is 2a462 + 47?
2a4a9
In base 16, what is 59854 + 3?
59857
In base 6, what is 532001 + -45442?
442115
In base 12, what is 311 + 23048?
23359
In base 11, what is 2a0293 - -49?
2a0331
In base 8, what is 3646035730 - 2?
3646035726
In base 15, what is -5 + -c5d3bb?
-c5d3c1
In base 2, what is 0 - 1001101010001001111010011?
-1001101010001001111010011
In base 3, what is 11021200210120 + 211?
11021200211101
In base 6, what is 1005 + -2500012?
-2455003
In base 15, what is 20 + -4a83e2?
-4a83c2
In base 7, what is -5 + 130414020?
130414012
In base 10, what is -20409813 + 5?
-20409808
In base 9, what is 785462 - 377?
785074
In base 10, what is 135456 - -3?
135459
In base 12, what is 136990 - 112?
13687a
In base 14, what is -2 - 64117b?
-64117d
In base 5, what is -10134 - -413033?
402344
In base 13, what is -81b06a + 7?
-81b063
In base 11, what is 4124 - -20572?
24696
In base 8, what is 670357 + 1130?
671507
In base 14, what is 1 + -3960c85?
-3960c84
In base 16, what is 49d5f7 + -5?
49d5f2
In base 16, what is 2 - -11ef56?
11ef58
In base 14, what is -4 + 862847?
862843
In base 4, what is -2032 + 131202031?
131133333
In base 14, what is 2171a - 21b?
214dd
In base 10, what is -15610349 + -3?
-15610352
In base 8, what is -203 - 7222?
-7425
In ba